{"id":1417,"date":"2023-10-30T00:56:26","date_gmt":"2023-10-29T23:56:26","guid":{"rendered":"https:\/\/libel.es\/?page_id=1417"},"modified":"2023-10-30T00:56:27","modified_gmt":"2023-10-29T23:56:27","slug":"politica-de-cookies","status":"publish","type":"page","link":"https:\/\/libel.es\/index.php\/politica-de-cookies\/","title":{"rendered":"Pol\u00edtica de Cookies"},"content":{"rendered":"\n<p><strong>\u00bfQu\u00e9 son las cookies?<\/strong><\/p>\n\n\n\n<p>Una cookie es un fichero que se descarga en tu ordenador al acceder a determinadas p\u00e1ginas web. Las cookies permiten a un sitio web, entre otras cosas, almacenar y recuperar informaci\u00f3n sobre los h\u00e1bitos de navegaci\u00f3n de un usuario o de su equipo y, dependiendo de la informaci\u00f3n que contengan y de la forma en que utilice su equipo, pueden utilizarse para reconocer al usuario an\u00f3nimo.<\/p>\n\n\n\n<p>Las cookies se asocian \u00fanicamente con un Usuario an\u00f3nimo y su ordenador y no proporcionan referencias que permitan deducir datos personales del Usuario.<\/p>\n\n\n\n<p>En el caso de los Usuarios Registrados que se registren o hayan iniciado sesi\u00f3n, podr\u00e1n beneficiarse de servicios m\u00e1s personalizados y adaptados a su perfil, gracias a la combinaci\u00f3n de los datos almacenados en las cookies con los datos personales utilizados en el momento de su registro. Estos Usuarios autorizan expresamente el uso de esta informaci\u00f3n con la finalidad indicada, sin perjuicio de su derecho a rechazar o deshabilitar el uso de cookies.<\/p>\n\n\n\n<p><strong>Tipo, finalidad y funcionamiento de las Cookies en General.<\/strong><\/p>\n\n\n\n<p>Tipos de cookies seg\u00fan el plazo de tiempo que permanecen activadas. Seg\u00fan el plazo de tiempo que permanecen activadas en el equipo terminal podemos distinguir:<\/p>\n\n\n\n<p><strong>Cookies de sesi\u00f3n: <\/strong>Son un tipo de cookies dise\u00f1adas para recabar y almacenar datos mientras el usuario accede a una p\u00e1gina web.<\/p>\n\n\n\n<p>Se suelen utilizar para almacenar informaci\u00f3n que s\u00f3lo interesa conservar para la prestaci\u00f3n del servicio solicitado por el usuario en una \u00fanica ocasi\u00f3n (p. ej. una lista de productos adquiridos).<\/p>\n\n\n\n<p><strong>Cookies persistentes:<\/strong> Son un tipo de cookies en las que los datos contin\u00faan almacenados en el terminal y pueden ser accedidos y tratados durante un periodo definido por el responsable de la cookie, que puede ir desde unos minutos hasta varios a\u00f1os.<\/p>\n\n\n\n<p><strong>Tipos de cookies seg\u00fan la entidad que las gestiona<\/strong><\/p>\n\n\n\n<p>Seg\u00fan qui\u00e9n sea la entidad que gestione el equipo o dominio desde donde se env\u00edan las cookies y trate los datos que se obtengan, podemos distinguir:<\/p>\n\n\n\n<p><strong>Cookies propias:<\/strong> Son aquellas que se env\u00edan al equipo terminal del usuario desde un equipo o dominio gestionado por el propio editor y desde el que se presta el servicio solicitado por el usuario.<\/p>\n\n\n\n<p><strong>Cookies de terceros:<\/strong> Son aquellas que se env\u00edan al equipo terminal del usuario desde un equipo o dominio no gestionado por el editor, sino por otra entidad que trata los datos obtenidos a trav\u00e9s de las cookies.<\/p>\n\n\n\n<p><strong>Tipos de cookies seg\u00fan su finalidad<\/strong><\/p>\n\n\n\n<p>Seg\u00fan la finalidad para la que se traten los datos obtenidos a trav\u00e9s de las cookies podemos distinguir entre:<\/p>\n\n\n\n<p><strong>Cookies t\u00e9cnicas:<\/strong> Son aquellas que permiten al usuario navegar a trav\u00e9s de una p\u00e1gina web, plataforma o aplicaci\u00f3n y utilizar las diferentes opciones o servicios que en ella existan, como, por ejemplo, controlar el tr\u00e1fico y la comunicaci\u00f3n de datos, identificar la sesi\u00f3n, acceso restringido piezas, recordar los elementos que componen un pedido, realizar el proceso de compra de un pedido, realizar una solicitud de inscripci\u00f3n o participaci\u00f3n en un evento, utilizar elementos de seguridad durante la navegaci\u00f3n, almacenar contenidos para la difusi\u00f3n de v\u00eddeos o sonido o compartir contenidos a trav\u00e9s de redes sociales redes.<\/p>\n\n\n\n<p><strong>Cookies de personalizaci\u00f3n:<\/strong> Son aqu\u00e9llas que permiten al usuario acceder al servicio con algunas caracter\u00edsticas de car\u00e1cter general predefinidas en funci\u00f3n de una serie de criterios en el terminal del usuario como por ejemplo el idioma, el tipo de navegador a trav\u00e9s del cual accede al servicio. , la configuraci\u00f3n regional desde donde accede al servicio, etc.<\/p>\n\n\n\n<p><strong>Cookies de an\u00e1lisis:<\/strong> Son aquellas que permiten al responsable de las mismas el seguimiento y an\u00e1lisis del comportamiento de los usuarios de los sitios web a los que est\u00e1n vinculadas. La informaci\u00f3n recogida mediante este tipo de cookies se utiliza en la medici\u00f3n de la actividad de los sitios web, aplicaci\u00f3n o plataforma y para la elaboraci\u00f3n de perfiles de navegaci\u00f3n de los usuarios de dichos sitios, aplicaciones y plataformas, con el fin de introducir mejoras en funci\u00f3n del an\u00e1lisis de los datos de uso. realizadas por los usuarios del servicio.<\/p>\n\n\n\n<p><strong>Cookies publicitarias:<\/strong> Son aqu\u00e9llas que permiten la gesti\u00f3n, de la forma m\u00e1s eficaz posible, de los espacios publicitarios que, en su caso, el editor haya incluido en una p\u00e1gina web, aplicaci\u00f3n o plataforma desde la que presta el servicio solicitado en base a criterios determinados. como el contenido editado o la frecuencia con la que se muestran los anuncios.<\/p>\n\n\n\n<p><strong>Cookies de publicidad comportamental: <\/strong>Son aquellas que permiten la gesti\u00f3n, de la forma m\u00e1s eficaz posible, de los espacios publicitarios que, en su caso, el editor haya incluido en una p\u00e1gina web, aplicaci\u00f3n o plataforma desde la que presta el servicio solicitado. Estas cookies almacenan informaci\u00f3n del comportamiento de los usuarios obtenida a trav\u00e9s de la observaci\u00f3n continuada de sus h\u00e1bitos de navegaci\u00f3n, lo que permite desarrollar un perfil espec\u00edfico para mostrar publicidad en funci\u00f3n del mismo.<\/p>\n\n\n\n<p><strong>Consentimiento y Autorizaci\u00f3n para el uso de cookies<\/strong><\/p>\n\n\n\n<p>Cuando acceda por primera vez a este sitio web ver\u00e1 un espacio o banner donde se le informa del uso de cookies y donde podr\u00e1 consultar esta pol\u00edtica de cookies a trav\u00e9s de un enlace. Si usted consiente el uso de cookies, contin\u00faa navegando utilizando la barra de desplazamiento, hace scroll o hace clic en un enlace (aceptar) seg\u00fan corresponda, se entender\u00e1 que ha dado su consentimiento a nuestra pol\u00edtica de cookies y, por tanto, la aceptaci\u00f3n para la instalaci\u00f3n de las mismas. en su computadora o dispositivo, excepto en la medida en que haya modificado la configuraci\u00f3n de su navegador para rechazar su uso.<\/p>\n\n\n\n<p><strong>\u00bfQu\u00e9 tipos de cookies utiliza este sitio web en particular?<\/strong><\/p>\n\n\n\n<p>Definici\u00f3n, Identificaci\u00f3n y finalidad de las cookies de este Sitio Web no exceptuadas por la LSSI.<\/p>\n\n\n\n<p>Har\u00eda:<\/p>\n\n\n\n<p><strong>Cookies de an\u00e1lisis:<\/strong> Son aquellas que, bien tratadas por nosotros o por terceros, nos permiten cuantificar el n\u00famero de usuarios y as\u00ed realizar la medici\u00f3n y an\u00e1lisis estad\u00edstico de la utilizaci\u00f3n que hacen los usuarios del servicio ofertado. Para ello se analiza su navegaci\u00f3n en nuestra p\u00e1gina web con el fin de mejorar la oferta de productos o servicios que le ofrecemos.<\/p>\n\n\n\n<p><strong>Cookies publicitarias:<\/strong> Son aquellas que, bien tratadas por nosotros o por terceros, nos permiten gestionar de la forma m\u00e1s eficaz posible la oferta de espacios publicitarios en el sitio web, adaptando el contenido del anuncio al contenido del servicio solicitado o el uso. que realices desde nuestra web. Para ello podemos analizar sus h\u00e1bitos de navegaci\u00f3n en Internet y podemos mostrarle publicidad relacionada con su perfil de navegaci\u00f3n.<\/p>\n\n\n\n<p>Tabla de identificaci\u00f3n de cookies y finalidad.<\/p>\n\n\n\n<p>Nombre del editor, nombre de la cookie, \u201ctipo\u201d y Prop\u00f3sito.<\/p>\n\n\n\n<figure class=\"wp-block-table\"><table><tbody><tr><td><strong>Cookie<\/strong><\/td><td><strong>Guy<\/strong><\/td><td><strong>Name<\/strong><\/td><td><strong>Purpose<\/strong><\/td><td><strong>More information<\/strong><\/td><\/tr><tr><td>fr<\/td><td>Third parties<\/td><td>Facebook<\/td><td>These cookies are from Facebook, they are used to display the \u201cLike\u201d button and show the number of followers.<\/td><td><a href=\"https:\/\/co-fr.facebook.com\/policies\/cookies\/\" target=\"_blank\" rel=\"noopener\">More information<\/a><\/td><\/tr><tr><td>dpr<\/td><td>Third parties<\/td><td>Facebook<\/td><td>They allow you to share content on social networks Facebook.<\/td><td><a href=\"https:\/\/es-es.facebook.com\/policies\/cookies\/\" target=\"_blank\" rel=\"noopener\">More information<\/a><\/td><\/tr><tr><td>1P_JAR, APISID, CONSENT, HSID, NID, SAPISID, SID, SIDCC, SSID<\/td><td>Third parties<\/td><td>Google Inc.<\/td><td>These cookies are used by Google to store user preferences and information while viewing pages with Google Maps on them.<\/td><td><a href=\"https:\/\/support.google.com\/analytics\/answer\/6004245\" target=\"_blank\" rel=\"noopener\">More information<\/a><\/td><\/tr><\/tbody><\/table><\/figure>\n\n\n\n<p>Nota: Las cookies \u201cpropias\u201d son utilizadas \u00fanicamente por el propietario de este sitio web y las cookies de \u201cTerceros\u201d tambi\u00e9n son utilizadas por el proveedor de servicios detallado en la tabla anterior.<\/p>\n\n\n\n<p>Configuraci\u00f3n del navegador para la revocaci\u00f3n y retirada del consentimiento para el uso de cookies.<\/p>\n\n\n\n<p>Libel recuerda a los usuarios de su sitio web que el uso de cookies puede estar sujeto a su aceptaci\u00f3n durante la instalaci\u00f3n o actualizaci\u00f3n del navegador utilizado por ellos.<\/p>\n\n\n\n<p>Esta aceptaci\u00f3n podr\u00e1 ser revocada a trav\u00e9s de las opciones de configuraci\u00f3n de contenidos y privacidad disponibles en el mismo. Libel recomienda a sus usuarios consultar la ayuda de su navegador o acceder a las p\u00e1ginas web de ayuda de los principales navegadores:<\/p>\n\n\n\n<ul class=\"wp-block-list\">\n<li><strong>Firefox<\/strong> :<br><a href=\"http:\/\/support.mozilla.org\/es\/kb\/habilitar-y-deshabilitar-cookies-quelos-sitios-we\" target=\"_blank\" rel=\"noopener\">http:\/\/support.mozilla.org\/es\/kb\/habilitar-y-deshabilitar-cookies-quelos-sitios-we<\/a><\/li>\n\n\n\n<li><strong>Chrome<\/strong> :<br><a href=\"http:\/\/support.google.com\/chrome\/bin\/answer.py?hl=es&amp;answer=95647\" target=\"_blank\" rel=\"noopener\">http:\/\/support.google.com\/chrome\/bin\/answer.py?hl=es&amp;answer=95647<\/a><\/li>\n\n\n\n<li><strong>Explorer<\/strong> :<br>http:\/\/windows.microsoft.com\/es-es\/windows7\/how-to-managecookies-in-internet-explorer-9<\/li>\n\n\n\n<li><strong>Safari<\/strong> :<br><a href=\"http:\/\/support.apple.com\/kb\/ph5042\" target=\"_blank\" rel=\"noopener\">http:\/\/support.apple.com\/kb\/ph5042<\/a><\/li>\n\n\n\n<li><strong>Opera<\/strong> :<br><a href=\"http:\/\/help.opera.com\/Windows\/11.50\/es-ES\/cookies.html\" target=\"_blank\" rel=\"noopener\">http:\/\/help.opera.com\/Windows\/11.50\/es-ES\/cookies.html<\/a><\/li>\n\n\n\n<li><strong>Other browsers<\/strong> : See the documentation for the browser you have installed.<\/li>\n<\/ul>\n\n\n\n<p>Si el usuario desea obtener m\u00e1s informaci\u00f3n sobre c\u00f3mo revocar el consentimiento prestado o sobre el procedimiento para deshabilitar las cookies, as\u00ed como consultar cualquier duda sobre la Pol\u00edtica de Cookies del sitio web, puede ponerse en contacto con Libel a trav\u00e9s de la siguiente direcci\u00f3n contacto@libel.es indicando \u201cPol\u00edtica de Cookies\u201d en la l\u00ednea de asunto.<\/p>\n\n\n\n<p>Cambios en la pol\u00edtica de Privacidad\/Cookies. El sitio web puede modificar esta Pol\u00edtica de Cookies en funci\u00f3n de exigencias legislativas, reglamentarias, o con la finalidad de adaptar dicha pol\u00edtica a las instrucciones dictadas por la Agencia Espa\u00f1ola de Protecci\u00f3n de Datos, por ello se aconseja a los Usuarios que la visiten peri\u00f3dicamente. Cuando se produzcan cambios significativos en esta Pol\u00edtica de Cookies, se comunicar\u00e1n a los Usuarios bien a trav\u00e9s del sitio web.<\/p>\n","protected":false},"excerpt":{"rendered":"<p>\u00bfQu\u00e9 son las cookies? Una cookie es un fichero que se descarga en tu ordenador al acceder a determinadas p\u00e1ginas web. Las cookies permiten a un sitio web, entre otras cosas, almacenar y recuperar informaci\u00f3n sobre los h\u00e1bitos de navegaci\u00f3n de un usuario o de su equipo y, dependiendo de la informaci\u00f3n que contengan y de la forma en que utilice su equipo, pueden utilizarse para reconocer al usuario an\u00f3nimo. Las cookies se asocian \u00fanicamente con un Usuario an\u00f3nimo y su ordenador y no proporcionan referencias que permitan deducir datos personales del Usuario. En el caso de los Usuarios Registrados que se registren o hayan iniciado sesi\u00f3n, podr\u00e1n beneficiarse de servicios m\u00e1s personalizados y adaptados a su perfil, gracias a la combinaci\u00f3n de los datos almacenados en las cookies con los datos personales utilizados en el momento de su registro. Estos Usuarios autorizan expresamente el uso de esta informaci\u00f3n con la finalidad indicada, sin perjuicio de su derecho a rechazar o deshabilitar el uso de cookies. Tipo, finalidad y funcionamiento de las Cookies en General. Tipos de cookies seg\u00fan el plazo de tiempo que permanecen activadas. Seg\u00fan el plazo de tiempo que permanecen activadas en el equipo terminal podemos distinguir: Cookies de sesi\u00f3n: Son un tipo de cookies dise\u00f1adas para recabar y almacenar datos mientras el usuario accede a una p\u00e1gina web. Se suelen utilizar para almacenar informaci\u00f3n que s\u00f3lo interesa conservar para la prestaci\u00f3n del servicio solicitado por el usuario en una \u00fanica ocasi\u00f3n (p. ej. una lista de productos adquiridos). Cookies persistentes: Son un tipo de cookies en las que los datos contin\u00faan almacenados en el terminal y pueden ser accedidos y tratados durante un periodo definido por el responsable de la cookie, que puede ir desde unos minutos hasta varios a\u00f1os. Tipos de cookies seg\u00fan la entidad que las gestiona Seg\u00fan qui\u00e9n sea la entidad que gestione el equipo o dominio desde donde se env\u00edan las cookies y trate los datos que se obtengan, podemos distinguir: Cookies propias: Son aquellas que se env\u00edan al equipo terminal del usuario desde un equipo o dominio gestionado por el propio editor y desde el que se presta el servicio solicitado por el usuario. Cookies de terceros: Son aquellas que se env\u00edan al equipo terminal del usuario desde un equipo o dominio no gestionado por el editor, sino por otra entidad que trata los datos obtenidos a trav\u00e9s de las cookies. Tipos de cookies seg\u00fan su finalidad Seg\u00fan la finalidad para la que se traten los datos obtenidos a trav\u00e9s de las cookies podemos distinguir entre: Cookies t\u00e9cnicas: Son aquellas que permiten al usuario navegar a trav\u00e9s de una p\u00e1gina web, plataforma o aplicaci\u00f3n y utilizar las diferentes opciones o servicios que en ella existan, como, por ejemplo, controlar el tr\u00e1fico y la comunicaci\u00f3n de datos, identificar la sesi\u00f3n, acceso restringido piezas, recordar los elementos que componen un pedido, realizar el proceso de compra de un pedido, realizar una solicitud de inscripci\u00f3n o participaci\u00f3n en un evento, utilizar elementos de seguridad durante la navegaci\u00f3n, almacenar contenidos para la difusi\u00f3n de v\u00eddeos o sonido o compartir contenidos a trav\u00e9s de redes sociales redes. Cookies de personalizaci\u00f3n: Son aqu\u00e9llas que permiten al usuario acceder al servicio con algunas caracter\u00edsticas de car\u00e1cter general predefinidas en funci\u00f3n de una serie de criterios en el terminal del usuario como por ejemplo el idioma, el tipo de navegador a trav\u00e9s del cual accede al servicio. , la configuraci\u00f3n regional desde donde accede al servicio, etc. Cookies de an\u00e1lisis: Son aquellas que permiten al responsable de las mismas el seguimiento y an\u00e1lisis del comportamiento de los usuarios de los sitios web a los que est\u00e1n vinculadas. La informaci\u00f3n recogida mediante este tipo de cookies se utiliza en la medici\u00f3n de la actividad de los sitios web, aplicaci\u00f3n o plataforma y para la elaboraci\u00f3n de perfiles de navegaci\u00f3n de los usuarios de dichos sitios, aplicaciones y plataformas, con el fin de introducir mejoras en funci\u00f3n del an\u00e1lisis de los datos de uso. realizadas por los usuarios del servicio. Cookies publicitarias: Son aqu\u00e9llas que permiten la gesti\u00f3n, de la forma m\u00e1s eficaz posible, de los espacios publicitarios que, en su caso, el editor haya incluido en una p\u00e1gina web, aplicaci\u00f3n o plataforma desde la que presta el servicio solicitado en base a criterios determinados. como el contenido editado o la frecuencia con la que se muestran los anuncios. Cookies de publicidad comportamental: Son aquellas que permiten la gesti\u00f3n, de la forma m\u00e1s eficaz posible, de los espacios publicitarios que, en su caso, el editor haya incluido en una p\u00e1gina web, aplicaci\u00f3n o plataforma desde la que presta el servicio solicitado. Estas cookies almacenan informaci\u00f3n del comportamiento de los usuarios obtenida a trav\u00e9s de la observaci\u00f3n continuada de sus h\u00e1bitos de navegaci\u00f3n, lo que permite desarrollar un perfil espec\u00edfico para mostrar publicidad en funci\u00f3n del mismo. Consentimiento y Autorizaci\u00f3n para el uso de cookies Cuando acceda por primera vez a este sitio web ver\u00e1 un espacio o banner donde se le informa del uso de cookies y donde podr\u00e1 consultar esta pol\u00edtica de cookies a trav\u00e9s de un enlace. Si usted consiente el uso de cookies, contin\u00faa navegando utilizando la barra de desplazamiento, hace scroll o hace clic en un enlace (aceptar) seg\u00fan corresponda, se entender\u00e1 que ha dado su consentimiento a nuestra pol\u00edtica de cookies y, por tanto, la aceptaci\u00f3n para la instalaci\u00f3n de las mismas. en su computadora o dispositivo, excepto en la medida en que haya modificado la configuraci\u00f3n de su navegador para rechazar su uso. \u00bfQu\u00e9 tipos de cookies utiliza este sitio web en particular? Definici\u00f3n, Identificaci\u00f3n y finalidad de las cookies de este Sitio Web no exceptuadas por la LSSI. Har\u00eda: Cookies de an\u00e1lisis: Son aquellas que, bien tratadas por nosotros o por terceros, nos permiten cuantificar el n\u00famero de usuarios y as\u00ed realizar la medici\u00f3n y an\u00e1lisis estad\u00edstico de la utilizaci\u00f3n que hacen los usuarios del servicio ofertado. Para ello se analiza su navegaci\u00f3n en nuestra p\u00e1gina web con el fin de mejorar la<\/p>\n","protected":false},"author":1,"featured_media":0,"parent":0,"menu_order":0,"comment_status":"closed","ping_status":"closed","template":"","meta":{"site-sidebar-layout":"default","site-content-layout":"","ast-site-content-layout":"default","site-content-style":"default","site-sidebar-style":"default","ast-global-header-display":"","ast-banner-title-visibility":"","ast-main-header-display":"","ast-hfb-above-header-display":"","ast-hfb-below-header-display":"","ast-hfb-mobile-header-display":"","site-post-title":"","ast-breadcrumbs-content":"","ast-featured-img":"","footer-sml-layout":"","ast-disable-related-posts":"","theme-transparent-header-meta":"","adv-header-id-meta":"","stick-header-meta":"","header-above-stick-meta":"","header-main-stick-meta":"","header-below-stick-meta":"","astra-migrate-meta-layouts":"default","ast-page-background-enabled":"default","ast-page-background-meta":{"desktop":{"background-color":"var(--ast-global-color-4)","background-image":"","background-repeat":"repeat","background-position":"center center","background-size":"auto","background-attachment":"scroll","background-type":"","background-media":"","overlay-type":"","overlay-color":"","overlay-opacity":"","overlay-gradient":""},"tablet":{"background-color":"","background-image":"","background-repeat":"repeat","background-position":"center center","background-size":"auto","background-attachment":"scroll","background-type":"","background-media":"","overlay-type":"","overlay-color":"","overlay-opacity":"","overlay-gradient":""},"mobile":{"background-color":"","background-image":"","background-repeat":"repeat","background-position":"center center","background-size":"auto","background-attachment":"scroll","background-type":"","background-media":"","overlay-type":"","overlay-color":"","overlay-opacity":"","overlay-gradient":""}},"ast-content-background-meta":{"desktop":{"background-color":"var(--ast-global-color-5)","background-image":"","background-repeat":"repeat","background-position":"center center","background-size":"auto","background-attachment":"scroll","background-type":"","background-media":"","overlay-type":"","overlay-color":"","overlay-opacity":"","overlay-gradient":""},"tablet":{"background-color":"var(--ast-global-color-5)","background-image":"","background-repeat":"repeat","background-position":"center center","background-size":"auto","background-attachment":"scroll","background-type":"","background-media":"","overlay-type":"","overlay-color":"","overlay-opacity":"","overlay-gradient":""},"mobile":{"background-color":"var(--ast-global-color-5)","background-image":"","background-repeat":"repeat","background-position":"center center","background-size":"auto","background-attachment":"scroll","background-type":"","background-media":"","overlay-type":"","overlay-color":"","overlay-opacity":"","overlay-gradient":""}},"_joinchat":[],"footnotes":""},"class_list":["post-1417","page","type-page","status-publish","hentry"],"_links":{"self":[{"href":"https:\/\/libel.es\/index.php\/wp-json\/wp\/v2\/pages\/1417","targetHints":{"allow":["GET"]}}],"collection":[{"href":"https:\/\/libel.es\/index.php\/wp-json\/wp\/v2\/pages"}],"about":[{"href":"https:\/\/libel.es\/index.php\/wp-json\/wp\/v2\/types\/page"}],"author":[{"embeddable":true,"href":"https:\/\/libel.es\/index.php\/wp-json\/wp\/v2\/users\/1"}],"replies":[{"embeddable":true,"href":"https:\/\/libel.es\/index.php\/wp-json\/wp\/v2\/comments?post=1417"}],"version-history":[{"count":0,"href":"https:\/\/libel.es\/index.php\/wp-json\/wp\/v2\/pages\/1417\/revisions"}],"wp:attachment":[{"href":"https:\/\/libel.es\/index.php\/wp-json\/wp\/v2\/media?parent=1417"}],"curies":[{"name":"wp","href":"https:\/\/api.w.org\/{rel}","templated":true}]}}